base 6) to base 13.
1879183
What is -2501478 (base 11) in base 3?
-22012000110101
Convert 22421433 (base 5) to base 6.
4152501
888123 (base 10) to base 8
3306473
Convert 1032569 (base 11) to base 4.
12330003022
Convert -7164f (base 16) to base 7.
-3643056
1711a (base 14) to base 13
20437
What is 11020311021 (base 4) in base 3?
2112102120210
Convert -1bb43 (base 15) to base 13.
-32133
11098 (base 14) to base 9
62572
Convert 201332103 (base 4) to base 16.
21f93
-a2549 (base 12) to base 7
-1540614
What is 327364 (base 10) in base 12?
139544
What is -6ad8 (base 14) in base 13?
-861b
30305022 (base 6) to base 7
10226423
Convert 953841 (base 12) to base 3.
11102100222111
What is -60fdc (base 16) in base 7?
-3243145
What is 10011101101000010111 (base 2) in base 15?
cb48a
What is 3402110041 (base 5) in base 15?
9c46b6
What is -497c9 (base 15) in base 7?
-1665036
-7886943 (base 10) to base 12
-2784253
Convert -123022302 (base 4) to base 14.
-2c7aa
What is -66b595 (base 15) in base 13?
-1026773
Convert -21541464 (base 7) to base 12.
-757953
89ac6 (base 15) to base 5
103002221
What is 656902 (base 10) in base 2?
10100000011000000110
What is 11340140 (base 5) in base 9?
170851
What is 3123103233 (base 5) in base 2?
11000101000010101110101
What is 133435 (base 8) in base 2?
1011011100011101
-20025524 (base 6) to base 8
-2115034
Convert 307a873 (base 11) to base 4.
110232003220
What is -253323 (base 9) in base 3?
-21210100210
Convert -1b44f4 (base 16) to base 10.
-1787124
What is -a4409 (base 11) in base 16?
-252a3
What is 120202201202202 (base 3) in base 15?
b07d0b
Convert -1121201021212 (base 3) to base 10.
-860432
Convert 34443331 (base 5) to base 3.
120212110012
-3403661 (base 7) to base 14
-ad8a1
What is 11113002 (base 6) in base 2?
1010010000110111010
What is 27fcf (base 16) in base 6?
3302143
Convert -6188046 (base 9) to base 10.
-3306057
Convert -334824 (base 12) to base 3.
-1112111102201
What is 767e3 (base 16) in base 2?
1110110011111100011
Convert 34254 (base 15) to base 12.
80014
Convert -3b6c5 (base 15) to base 5.
-22044120
What is -4478 (base 9) in base 5?
-101221
What is -201000213003 (base 4) in base 13?
-1a3c889
What is 32d4e (base 15) in base 13?
58748
71159 (base 11) to base 5
11312003
Convert 22001321223 (base 4) to base 16.
281e6b
Convert 1883c7 (base 16) to base 10.
1606599
70170 (base 8) to base 15
87e7
What is -2340514 (base 6) in base 3?
-20012101001
Convert -782074 (base 10) to base 3.
-1110201210201
-5c11c6 (base 14) to base 10
-3153226
What is 1011010010011001001 (base 2) in base 9?
623321
What is 20562621 (base 7) in base 15?
24774c
53283 (base 13) to base 16
24951
Convert 354746 (base 11) to base 4.
2021112103
1342333 (base 5) to base 4
12303003
What is -6bc43 (base 13) in base 2?
-110000001111110000
Convert 121640 (base 9) to base 2.
10001111011001110
-10021311223 (base 4) to base 16
-109d6b
-111001000001010101100 (base 2) to base 9
-3457036
Convert 4456662 (base 7) to base 12.
2276a9
What is -1030051155 (base 6) in base 7?
-161566121
Convert 2b512 (base 14) to base 7.
626622
Convert 2331231001 (base 4) to base 12.
315801
Convert -6076131 (base 8) to base 14.
-2dab33
What is -41116556 (base 7) in base 3?
-20110102200222
What is 32a95 (base 12) in base 8?
203221
Convert -97c3c3 (base 13) to base 14.
-68c718
-502c6d (base 15) to base 3
-21011101102211
Convert -4185d (base 14) to base 15.
-31c74
-113306 (base 8) to base 13
-14751
What is -85257 (base 10) in base 15?
-1a3dc
What is -1b5bf2 (base 16) in base 13?
-4aa16b
What is -10203012113 (base 4) in base 6?
-41320035
232131200 (base 4) to base 5
22042204
-54074 (base 13) to base 5
-14323223
5255341 (base 6) to base 3
111000212221
Convert -4555687 (base 10) to base 6.
-241351051
Convert 5105172 (base 10) to base 7.
61251612
What is -246568 (base 9) in base 3?
-21120122022
Convert 577461 (base 15) to base 12.
149470a
Convert b3c851 (base 13) to base 2.
10000000000110100111000
Convert 119271 (base 12) to base 10.
285493
-110331230223 (base 4) to base 12
-1a103a3
What is -50877 (base 11) in base 15?
-17007
-24b24 (base 12) to base 8
-141514
What is -1a246 (base 14) in base 10?
-66310
Convert da794 (base 14) to base 6.
15154022
What is 1712105 (base 9) in base 11?
5a0a13
What is -1222222202222 (base 3) in base 16?
-10373f
Convert 353105 (base 8) to base 6.
2325205
11424330 (base 6) to base 11
227485
414360 (base 8) to base 5
13344311
What is -13546556 (base 7) in base 11?
-79a034
1a117 (base 16) to base 13
397a6
-246411 (base 10) to base 6
-5140443
Convert 6b7a5 (base 16) to base 2.
1101011011110100101
493832 (base 11) to base 3
1110200021210
What is -20210111201122 (base 3) in base 2?
-1101110001110101011100
-23330304 (base 5) to base 6
-4332502
What is -252623 (base 8) in base 13?
-30a55
Convert -100041341 (base 5) to base 8.
-1400202
What is 516b3 (base 15) in base 5?
31224033
Convert -97430 (base 10) to base 8.
-276226
What is -122945 (base 13) in base 5?
-102400022
-201034421 (base 5) to base 6
-25044425
What is 241640510 (base 7) in base 5?
12323131441
Convert 54736 (base 15) to base 7.
2165034
291b8 (base 13) to base 6
1353251
Convert 3424445 (base 6) to base 2.
101010101001101101
-32a78 (base 14) to base 13
-43b84
What is 335625 (base 12) in base 6?
25312045
What is -1331315 (base 6) in base 15?
-16ec2
What is 130130211 (base 4) in base 11?
7a5a5
363473 (base 8) to base 16
1e73b
What is -101011011101100000011 (base 2) in base 6?
-50305111
-1ab7901 (base 14) to base 10
-13351325
Convert -16255676 (base 9) to base 4.
-133000003332
What is 982a0 (base 12) in base 9?
335463
3638c2 (base 14) to base 9
3435111
What is -415151444 (base 6) in base 15?
-9820d4
Convert c6c5d (base 16) to base 14.
1729d3
-112231412 (base 5) to base 14
-d3393
What is 2220 (base 7) in base 10?
798
Convert -537650 (base 8) to base 16.
-2bfa8
What is cd7b (base 15) in base 14?
11c21
What is -3320451 (base 9) in base 10?
-1784962
102212030111 (base 4) to base 15
6646be
What is -11100001100010001000000 (base 2) in base 4?
-130030101000
What is 15022 (base 9) in base 15?
306b
What is -100120000202 (base 3) in base 12?
-90a32
What is 174004 (base 10) in base 8?
523664
What is 11010101110010111011101 (base 2) in base 14?
d05125
206725 (base 10) to base 12
9b771
What is 220111202221 (base 3) in base 14?
c7b58
14000130 (base 5) to base 6
3003121
250930 (base 13) to base 15
127c01
1d563 (base 16) to base 5
12321123
11101011001110100001 (base 2) to base 4
3223032201
-1240b2d (base 15) to base 16
-c81c19
-14b6b (base 13) to base 16
-9981
Convert 91589 (base 11) to base 13.
48b96
Convert -147ed (base 15) to base 3.
-10100102121
What is -270102 (base 8) in base 3?
-11210022122
-d0fcc (base 16) to base 11
-535153
What is -123054 (base 7) in base 6?
-252553
-46800 (base 10) to base 9
-71170
-606568a (base 11) to base 7
-160105215
-207a72 (base 12) to base 10
-511286
1100110001000011000 (base 2) to base 16
66218
Convert 1004504 (base 6) to base 9.
72384
Convert 32086 (base 13) to base 15.
1bac7
7786524 (base 10) to base 2
11101101101000000011100
Convert -b72b1 (base 15) to base 2.
-10001101110111111100
Convert -10001000111011100001 (base 2) to base 16.
-88ee1
Convert 10010111100000010111 (base 2) to base 14.
122223
What is b34dc (base 14) in base 13?
1216c4
What is -10010000101010110001110 (base 2) in base 12?
-1707412
300044201 (base 5) to base 3
2012200200210
What is 1d7b41 (base 16) in base 8?
7275501
Convert -9a79a (base 11) to base 4.
-203221303
Convert -14684 (base 12) to base 14.
-a5da
-21200001102 (base 3) to base 12
-73425
Convert 142514 (base 6) to base 14.
4d42
What is 20213013 (base 5) in base 2?
100111111010110100
What is 22f3f (base 16) in base 5?
14040132
33153427 (base 9) to base 13
3426a21
Convert 1368637 (base 9) to base 6.
24100054
What is -12658609 (base 10) in base 11?
-7166667
What is 341838 (base 11) in base 2?
10000100110100111001
11063260 (base 8) to base 15
321c8e
What is 128b82 (base 12) in base 7?
2412401
What is -154445 (base 9) in base 12?
-4707b
-32792 (base 14) to base 12
-5a8a4
What is -120222132300 (base 4) in base 9?
-13143840
Convert -233061 (base 8) to base 6.
-1411345
What is -180582 (base 13) in base 3?
-1010112001100
What is -2021a7 (base 11) in base 16?
-4f58a
What is 10545543